. Let i be w(-2). Let p = 21 + i. Calculate the greatest common factor of 81 and p.
9
Let v(c) = -6*c - 4. Let u be v(-4). Let f = u + -9. What is the greatest common divisor of f and 55?
11
Suppose 3*t + 3*i = 15, 3*t - 3*i = -t + 48. Suppose m - 4*m + 189 = 0. Calculate the greatest common factor of m and t.
9
Let h(x) = -x**3 + 3*x**2 - 2. Let c be h(2). Let i be 54/8 + c/8. What is the highest common factor of 56 and i?
7
Suppose -2*h = -3*r + 914, -3*h + 0*h - 3 = 0. What is the greatest common factor of r and 38?
38
Let a(u) = -u + 40. Let f be a(20). What is the greatest common divisor of 260 and f?
20
Suppose -4*a - 4*g + 72 = 0, a + g - 30 = 3*g. Let f = a - -50. What is the highest common divisor of f and 8?
8
Suppose -d - 13 = 3*w + w, -w - 19 = -2*d. Let i be (0 - 0) + (d - -21). What is the greatest common factor of i and 140?
28
Let b be (-255)/6*(-12)/15. What is the highest common divisor of b and 85?
17
Let c(f) be the first derivative of f**3/3 - 2*f**2 + 8*f - 1. Let u be c(6). What is the highest common factor of 10 and u?
10
Let j be (-15)/75 - (-62)/10. Calculate the greatest common factor of j and 15.
3
Suppose 3*g + 4 - 145 = 3*h, 205 = 5*g + 5*h. Let n = 12 + -1. Calculate the greatest common divisor of g and n.
11
Let j(o) = o**3 + 8*o**2 - o - 1. Let x(q) = -q**3 + 3*q**2 + 4*q - 6. Let t be x(4). Let d be j(t). What is the highest common divisor of d and 7?
7
Let a be -54*2/(4/(-2)). Let h = -1 - -3. Suppose -4*m - 4*l + 8 + 0 = 0, h*m + 3*l = 0. What is the greatest common divisor of a and m?
6
Suppose -207 - 49 = -4*y. Suppose 5*z = z + y. What is the greatest common factor of z and 176?
16
Let f(x) = -x**3 + 13*x**2 + 19. Let i be f(13). Calculate the highest common factor of 152 and i.
19
Let q(p) = -p**3 + 5*p**2 + 6*p + 3. Let o be q(6). Suppose 0 = -o*s + 81 - 9. Let c be ((-6)/s)/(1/(-52)). Calculate the highest common factor of 117 and c.
13
Let p = -21 + 31. Let r(h) = h**3 - 5*h**2 - 7*h - 9. Let i be r(7). Calculate the highest common divisor of p and i.
10
Suppose -8 = -4*o + 4. Suppose 0 = -2*p + o*x + 2*x + 124, -p - x + 48 = 0. Suppose 0*y = -y + p. What is the greatest common divisor of y and 13?
13
Let k(y) = 2*y - 4. Let p be k(3). Let m = -3 + p. Let j be ((-2)/2)/(m/2). Calculate the greatest common factor of 2 and j.
2
Let b = 115 + -73. Suppose -4*k - 45 = 3*l + 1, l - 4*k = -b. Let w be (1 + 2)*l/(-2). What is the greatest common factor of w and 22?
11
Let i = 6 - -6. Suppose 0 = 2*v - 2 - 4. Suppose -v*k + i = -k. Calculate the greatest common factor of 6 and k.
6
Suppose 2*s - 4 = -3*z + 6, -4*s + 2*z + 36 = 0. Let g be ((-1)/(-2) - 0) + (-312)/(-16). Calculate the highest common factor of g and s.
4
Let v be (-2)/7 - 788/(-14). Let n be 3/((-6)/(-40)) + 1. Suppose 3*p + 5*q - 19 = 0, 5*p - 3*p - 5*q = n. Calculate the highest common factor of p and v.
8
Let y(t) = -t**2 - 5*t - 2. Let q be y(-4). Let a be 8/6*45/q. Let x(p) = -4*p**3 - 4*p**2 - 4. Let f be x(-2). Calculate the highest common factor of f and a.
6
Let g be (9/(-6))/((-9)/12). Let u be (3 - 3)/g - -3. Suppose 5*w - 3*t - 35 = 29, 0 = 2*w - u*t - 22. Calculate the highest common factor of w and 70.
14
Suppose -9*k = -21 - 141. What is the greatest common factor of k and 162?
18
Suppose -11 = 4*q - 79. What is the highest common divisor of q and 119?
17
Suppose -18 = -3*x + 4*l - 4, -4*x + 20 = -4*l. What is the greatest common divisor of 3 and x?
3
Let h(c) = 4*c**3 + 29*c**2 + c - 7. Let w be h(-7). Suppose -5*l + 2*y + 72 = 0, 0 = 2*l + 4*y - 7 - 17. Calculate the highest common divisor of l and w.
7
Let s(h) = h**3 - 4*h**2 - 2*h - 5. Let b be s(5). Let l = b - 7. Calculate the highest common factor of l and 33.
3
Let u = -53 + 122. What is the greatest common factor of u and 46?
23
Suppose -5*f + 0*f + 45 = 0. Let u be -1 + 5/((-20)/(-8)). Let t = 44 + u. Calculate the greatest common factor of t and f.
9
Suppose 268 + 28 = 4*v. Suppose -2*p - 4*z + v = 0, 5*p - 3*z - 93 = 27. Suppose 5*y = p - 2. What is the highest common divisor of 20 and y?
5
Let l(u) = u**3 + 6*u**2 + 5*u + 2. Let v be l(-5). Suppose 4*f - v = 2. Let q be 1*(-1 + 0) - -4. What is the greatest common divisor of f and q?
1
Suppose 320 = 4*f + 40. Let u(n) = 29*n**3 - n**2. Let p be u(1). What is the highest common factor of f and p?
14
Let m be -2 + 33/15 + (-104)/(-5). What is the highest common divisor of m and 14?
7
Suppose a - 9 = -2*u, -5*u - 35 = -15. Suppose -15*z + a*z = 126. What is the greatest common factor of z and 7?
7
Let c(s) = -2*s + 6. Let q be c(0). Suppose -43 = -z + q. Calculate the greatest common factor of z and 7.
7
Let h = -8 + 12. Suppose -h*y = i - 25, -4*i + 4*y = y - 62. Suppose -u = i - 50. Calculate the greatest common divisor of 11 and u.
11
Let i = 7 + 5. What is the greatest common factor of i and 96?
12
Suppose 0 = 4*n + 5*c - 56, -2*c + 28 = 2*n - 5*c. Let i = n - 4. What is the highest common factor of i and 90?
10
Let i be (1/(-1))/(3/(-3)). Suppose u - i = 9. Let g = 25 + -5. Calculate the greatest common divisor of u and g.
10
Suppose -c + 36 + 22 = 0. Calculate the greatest common divisor of c and 29.
29
Suppose -4*l - 2*h - 32 = -7*l, 2*h = 10. Suppose -3*x + 18 = -12. Suppose 8 = f + z - x, 0 = 4*f - 2*z - 90. Calculate the highest common factor of l and f.
7
Let r(m) = -17*m**2 + 12*m - 9. Let h(a) = -8*a**2 + 6*a - 5. Let y(z) = 5*h(z) - 3*r(z). Let p be y(4). What is the greatest common factor of p and 14?
14
Let d be (10/(-5) - 20)*-6. Suppose 0*l - 12 = -l. What is the greatest common factor of l and d?
12
Let n(d) = d - 5. Let x be 15/3*1 - -1. Let z be n(x). Suppose 0 = 2*g - 5 - z. What is the highest common divisor of g and 1?
1
Let o(s) = s + 4. Let k be o(0). Let n be 128/20*(-15)/(-3). Calculate the greatest common divisor of n and k.
4
Let y = 0 + 9. Calculate the greatest common factor of y and 45.
9
Suppose 5 = 4*o - 27. Let m(g) = -g**2 - g + 1. Let f be m(0). Let z(x) = 9*x**2 - x. Let v be z(f). What is the highest common factor of o and v?
8
Let f be (111 - (0 - -1)) + 22/11. What is the highest common factor of 48 and f?
16
Let j be 16/24*3/2. Calculate the highest common divisor of 11 and j.
1
Let g(s) = -2 + 1 + 2*s**2 - 5*s - 2. Let n be g(-8). Let l = 16 + -1. What is the greatest common divisor of n and l?
15
Let p = -1 + 17. What is the greatest common factor of 16 and p?
16
Suppose 4*n = -5*w + 195, -153 - 62 = -4*n - w. Calculate the highest common divisor of 22 and n.
11
Let h(u) = 10*u**2 + 2*u + 2. Let w be h(-1). What is the greatest common factor of w and 110?
10
Let u(s) = -s**2 - 7*s + 9. Let l be u(-7). Let p be (-1)/(4/13)*4. Let y = -7 - p. What is the greatest common factor of l and y?
3
Let m = 12 + -5. Suppose 44*v - 43*v = 7. What is the greatest common divisor of m and v?
7
Let o = 45 - 33. Calculate the highest common factor of o and 24.
12
Let i(b) = 12*b - 3. Let r be i(9). Calculate the highest common divisor of r and 21.
21
Let j be -5*-2*6/4. What is the greatest common factor of 120 and j?
15
Suppose -5*y + 51 = -3*u, 0*y = -y - 2*u + 5. Calculate the greatest common divisor of 81 and y.
9
Suppose -27 + 2 = 5*p. Let k(s) = -5*s - 5. Let i be k(p). Calculate the greatest common factor of 30 and i.
10
Let h(n) = n**3 - 6*n**2 + 4*n - 3. Let q be h(6). What is the highest common divisor of 84 and q?
21
Let w = 69 - -11. Suppose -2*m - 2*m = -w. Calculate the highest common divisor of m and 5.
5
Let s be 51/4 - 8/(-32). What is the greatest common factor of 143 and s?
13
Let b = -4 + 34. What is the highest common divisor of 120 and b?
30
Suppose -3*u + 5*d + 15 = 0, 2*u - 6 = u + 2*d. Suppose 4*m = -c + 129, u = -5*m + 3*c + 141 + 33. What is the greatest common factor of 22 and m?
11
Suppose o = 5*o - 20. Suppose -2*r = -z - 186, -o*r + z - 2*z = -451. Calculate the greatest common factor of 13 and r.
13
Suppose b = -0*b + 2. Suppose -b*y + u + 1 = 0, -6*y + u + 10 = -y. Suppose -51 - y = -2*r. Calculate the highest common divisor of 9 and r.
9
Let v = 11 - 3. Suppose w + 2*w - g - 297 = 0, w - 4*g - 88 = 0. Suppose -4*i + w = 2*z, 4*z - 4*i - 180 = -z. What is the greatest common divisor of v and z?
8
Let v(b) = -8*b + 1. Let i be v(-1). What is the greatest 